t g(p) = 7*p + 5. Let x(u) = -5*g(u) - 4*j(u). Let z be x(-7). Calculate the greatest common divisor of 40 and z.
8
Let d = -125 - -175. Let m = -47 - -172. What is the greatest common divisor of d and m?
25
Suppose -u = m - 443, -6*u - m = -u - 2227. Calculate the greatest common factor of u and 2.
2
Let r(a) = 31*a + 7. Let u be r(-2). Let x be (-4)/(-22) - 1365/u. Suppose 42 = 4*m - n, -3 = -m - 2*n + 3. Calculate the greatest common factor of m and x.
5
Let i be ((-6)/4)/((-2)/(-12)). Let w = -9 - i. Let k be (w + 50)/(-11 - -13). Calculate the highest common divisor of 50 and k.
25
Let r = -25 - -33. Suppose -1 = -3*v - 2*a, -5*v = -r*a + 3*a + 15. Let d = v - -56. Calculate the greatest common divisor of d and 22.
11
Suppose -2*r - 5*c + 14 = 0, -3*c + 8*c = -3*r + 16. Let b be (-144)/(-68) + r/(-17). Suppose 180 = x + b*x. Calculate the greatest common divisor of x and 12.
12
Let r = -43 - -68. Let k be 3/15 - 3755/r. Let y = 238 + k. Calculate the greatest common factor of y and 8.
8
Suppose 0 = -138*h + 145*h - 217. What is the greatest common factor of 1333 and h?
31
Let v(y) = 2*y**2 + 2*y + 5. Suppose 3*b + 2 = -4*m, -3*b + 0*m = -2*m + 26. Let c be v(b). Let f = c - 29. Calculate the highest common factor of 9 and f.
9
Let g be ((-22)/2)/(9/(-6) + 1). What is the greatest common factor of 297 and g?
11
Let f be ((-245)/14)/7*-16. Calculate the greatest common divisor of 310 and f.
10
Suppose 0 = 57*y - 1081 - 2453. Calculate the highest common divisor of y and 186.
62
Suppose 0*p + 57 = 3*p. Let y be (-4)/(-8) + p/2. Suppose 3*k + 19 = 139. What is the highest common factor of k and y?
10
Let c(h) = -79*h + 494. Let z be c(6). Calculate the highest common divisor of z and 220.
20
Let g = 754 - 745. What is the greatest common divisor of 12 and g?
3
Let j be 1 + 44031/65 + 3/5. What is the greatest common factor of 194 and j?
97
Let h be (-158)/(-14) - (-4)/(-14). Suppose -2*l + 0 = -q + 9, -4*l = 3*q - 37. What is the greatest common factor of q and h?
11
Let h(u) = -9*u - 180. Let b be h(-27). Calculate the highest common divisor of 18 and b.
9
Let d(i) = -i - 10. Let l be d(-7). Let w be (-2)/5 + (-154)/30*l. Calculate the highest common divisor of w and 60.
15
Let v be 6*((-16)/(-6) - (5 + -11)). Calculate the greatest common factor of v and 117.
13
Suppose -11*d = -6*d + 4*z - 270, 247 = 4*d - 3*z. Calculate the highest common divisor of d and 638.
58
Let n(d) = -d**2 + 21*d + 93. Let o be n(23). What is the greatest common factor of o and 47?
47
Let d(c) = -2*c**3 - c**2 + 2*c + 40. Let r be d(0). Calculate the greatest common divisor of 8 and r.
8
Let g(r) = r**2 + 5*r + 2. Let p be g(-5). Let t be (-4 - -5)/(p/16). Calculate the greatest common divisor of 80 and t.
8
Suppose -3*z + 403 = 5*h, 4*z - 3*h - 111 = 3*z. Let k = -18 + 35. Let a = -3 + k. Calculate the highest common factor of a and z.
14
Suppose -11*j + 172 = -136. Calculate the greatest common divisor of 70 and j.
14
Suppose -p - 3*a = -2*p + 2, -3*p = a - 6. What is the highest common divisor of 26 and p?
2
Suppose 2*n = 3*k - 9, 0*k - n = 3*k. Let a(u) = 8*u**3 + 5*u**2 - 5*u + 1. Let z be a(k). Let i = -28 + 55. What is the greatest common divisor of z and i?
9
Suppose -4*g - 4*h + 16 = 0, 2*h = 2*g + g - 17. Suppose 202 = 5*u - 2*n, 2*u - 51 = -n + 28. What is the greatest common divisor of g and u?
5
Let k(w) = -w**2 - 17*w - 4. Let b be k(-17). Let j(n) = -n**3 + 4*n + 7. Let i be j(b). Calculate the greatest common factor of 22 and i.
11
Let p(c) be the second derivative of c**4/12 + 7*c**3/6 + 2*c**2 + 24*c. Let i be p(-7). Calculate the highest common divisor of 8 and i.
4
Let g(m) = -5*m + 55. Let z be g(11). Suppose z = u + 9 - 124. Let r be (23/2)/((-2)/(-4)). What is the greatest common factor of r and u?
23
Let p = 944 + -493. Calculate the highest common divisor of p and 82.
41
Suppose 17 = s - 17. Suppose g - 68 = -2*f + 31, 0 = 5*f - 3*g - 264. What is the greatest common divisor of s and f?
17
Let v = -36 - -42. Let a be (5 - -23)/(4/v). Calculate the highest common divisor of a and 28.
14
Let q = 9 - 2. Let g = 30 - 24. Suppose -315 = -g*i + i. What is the greatest common divisor of i and q?
7
Suppose 0 = -y + 1 + 4. Suppose 5*p = -3*j + j + 165, 4*j - 315 = -y*p. Suppose -120 = 13*m - 17*m. Calculate the highest common factor of j and m.
15
Suppose -4*n + 2*n = -8. Let g(b) = -b + 6. Let h be g(6). Suppose h = -0*i + n*i - 104. Calculate the greatest common divisor of i and 65.
13
Let y be 2/10 - (-95)/25. Suppose 15 = y*b - 9. Suppose 0 = -3*t - 12, 3*t - 4*t = 5*v - 71. What is the greatest common divisor of b and v?
3
Suppose 5*w = 15, 182*h + 91 = 186*h - 3*w. Calculate the highest common divisor of h and 775.
25
Let v be 116*(6 - (-22)/(-4)). What is the greatest common divisor of v and 87?
29
Suppose -1469 = -16*u + 1571. Calculate the greatest common factor of u and 114.
38
Suppose f + 18*f = 5586. What is the greatest common factor of 12 and f?
6
Let i = 32 + -31. Suppose -2 = l + i, -5*l = -3*u + 54. What is the greatest common divisor of 39 and u?
13
Suppose 2*i = -2*m - 4 + 30, 3*m = -i + 5. Calculate the highest common divisor of 51 and i.
17
Let q = 657 + -594. Calculate the greatest common divisor of q and 9.
9
Suppose -q + 10 = -0*q. Suppose 7*w - 5*w = -u + 24, -4*w + u + 36 = 0. Calculate the highest common factor of w and q.
10
Suppose -1684 = -3*c - 388. Let t = c + -306. Calculate the greatest common factor of 18 and t.
18
Let k be (8/14)/(11 + (-11688)/1064). What is the highest common factor of 38 and k?
38
Let t be (3 + -2)*(-8 + (-768)/(-8)). What is the highest common factor of t and 2728?
88
Let b be (-32)/144 - (-8381)/9. What is the greatest common divisor of b and 98?
49
Let f = 52 - 45. Let w(i) = i**2 - 2*i + 1. Let r be w(f). Calculate the highest common divisor of r and 4.
4
Let c = -175 + 497. What is the greatest common factor of c and 46?
46
Let t = -20 - -31. Let v(c) = 3*c - 7. Let b be v(4). Let n = b - -6. What is the greatest common factor of n and t?
11
Suppose 14*u + 108 = 11*u. Suppose 5 = -3*w + 11. Let q be w/(-9) + (-1520)/u. Calculate the highest common factor of q and 6.
6
Suppose -41 - 127 = -3*x. Suppose 0 = -4*s + 3*s + x. Suppose 2*l + 14 = 3*d - 38, -53 = -2*d + 5*l. What is the greatest common factor of s and d?
14
Let v be (159/212)/((-2)/(-464)). What is the greatest common factor of v and 1479?
87
Suppose 182 + 70 = 9*x. Suppose -2*d + 20 = 3*d. Calculate the greatest common divisor of x and d.
4
Let u be 3/2*(9 + 1). Let p = 61 - 34. Let n = -24 + p. What is the highest common factor of u and n?
3
Suppose 4*o - 4*z = 64, o + 2*z - 23 = -2*o. Suppose 5*w + r = 276, 3*w - 166 = -4*r + 3*r. Calculate the greatest common divisor of o and w.
11
Let n = 265 - 184. What is the greatest common factor of n and 99?
9
Suppose 5*a + 2*j - 164 = 24, 4*a - 156 = -3*j. Calculate the greatest common factor of 1944 and a.
36
Suppose -792*k + 98 = -785*k. Calculate the greatest common divisor of 105 and k.
7
Let h(n) = -n**2 + 19*n + 5. Let v be h(19). Suppose 32 = v*a + 7. What is the greatest common factor of 20 and a?
5
Let d be (0 - (-1 - -1))/(-3). Let g(c) = 5 - 4 + 0 + 6*c + d. Let q be g(2). Calculate the highest common factor of q and 143.
13
Suppose 2*a + 3*a - 9 = -2*d, d - 9 = 2*a. Calculate the greatest common divisor of d and 161.
7
Let q be (48/9)/((-12)/(-36)). Calculate the greatest common divisor of 192 and q.
16
Suppose -3*f = -f - 2*s + 118, 8 = -4*s. Let x = -34 - f. Let w = x + -20. What is the highest common factor of w and 63?
7
Suppose -44*i + 48*i - 400 = -h, 5*h - 1925 = -5*i. What is the greatest common factor of h and 100?
20
Let a = 83 - 52. Let w be 186/(-16)*6*-4. Calculate the greatest common divisor of w and a.
31
Let o = 1044 - 984. What is the highest common divisor of o and 48?
12
Let d be (6 - (28 - 12)) + 82. Calculate the greatest common divisor of 369 and d.
9
Let h be 33/5*900/135. Suppose -3*c = -c + 32. Let t = h + c. Calculate the greatest common factor of 252 and t.
28
Let t be (14/(-4) - -3)*-36. Let w(r) be the second derivative of r**3/3 - r. Let l be w(3). Calculate the highest common divisor of l and t.
6
Suppose -9 = -4*p - 9. Suppose 5*n + 5*r -